 be c(p). Calculate the highest common divisor of 21 and o.
21
Suppose -2*i = -2*a + 2*i + 18, a + 4*i - 33 = 0. Suppose -11*c = -8*c - 633. Suppose -8*w + c = 75. Calculate the greatest common divisor of a and w.
17
Let n(f) = -7*f + 11*f**3 - 20*f**3 + 10*f**2 - 17 + 10*f**3. Let l be n(-10). Calculate the greatest common divisor of 424 and l.
53
Let j be ((-144)/(-6))/(7 - 6). What is the greatest common divisor of 108 and j?
12
Let f = 25 + -11. Let s = 19 - f. Suppose -s*r = -b - 13, -2*r = -3*b + 2*r - 6. Calculate the greatest common factor of 14 and b.
2
Let o(q) = -q - 13. Let u be o(-25). What is the greatest common divisor of 150 and u?
6
Let w = 830 + -731. What is the greatest common factor of w and 22?
11
Let t be ((-2)/(-3))/(8/1764) + -6. Calculate the highest common divisor of t and 893.
47
Let h(w) = -w**3 + 11*w**2 + w - 18. Let c be h(10). What is the greatest common factor of 207 and c?
23
Let k(c) = 26*c - 552. Let m be k(22). What is the greatest common factor of m and 1170?
10
Let q be (1 - -1) + 16*1. Suppose 5*f = -q - 2. Let n = 16 + f. What is the highest common divisor of 24 and n?
12
Let w(y) = -7*y - 4*y**3 - 3*y**2 - 4 - 3 + 5*y**3 + 1. Let z be w(6). Suppose -90 + 15 = -5*q. Calculate the highest common factor of z and q.
15
Suppose -111 = 13*i + 84. Let r(z) = z**3 + 15*z**2 - 5*z - 37. Let v be r(i). Let k = 9 - -10. What is the highest common divisor of k and v?
19
Suppose -6*y + 36 = -2*y. Let q = 3 + y. Let l be q/18 + (-22)/(-3). What is the greatest common factor of l and 4?
4
Let u be 1/(276/93 + -3). Let f = 73 + u. Calculate the greatest common factor of f and 28.
14
Let d(l) = -2*l + 24. Let i be d(7). Let p(t) = t**3 - 7*t**2 + 8*t - 7. Let o = -5 + 11. Let z be p(o). Calculate the highest common divisor of i and z.
5
Suppose -3*j + 5*u + 420 = -780, 4*j - 3*u - 1589 = 0. What is the highest common factor of j and 158?
79
Suppose -5 = 5*r + 5*y - 25, -4*r - 3*y + 16 = 0. Let z be r*14/(-12)*-3. Calculate the greatest common factor of 35 and z.
7
Suppose -26*h + 2*k = -23*h - 9, -6 = -2*k. Suppose 2*b - b = 2. What is the greatest common factor of b and h?
1
Suppose 0 = -2*o - 10 - 2, 3*o + 102 = 4*v. Let y(j) = -43*j - 2. Let i be y(-2). What is the highest common factor of v and i?
21
Let t(s) = s**2 + 12*s + 11. Let h = 24 + -36. Let n be ((-18)/h)/(1/(-8)). Let c be t(n). What is the greatest common divisor of 55 and c?
11
Let g = 586 - 376. Calculate the highest common divisor of 90 and g.
30
Let q = -161 + 199. What is the greatest common divisor of q and 266?
38
Let o be (-30)/(-255) - 2/17. Suppose -g - m + 20 = o, 5*g - 32 - 96 = 2*m. Let p be 224/g*72/14. What is the highest common divisor of p and 24?
24
Suppose r + 2*t - 236 = 0, -2*t + 242 = r + 2*t. What is the highest common divisor of r and 46?
46
Suppose -190*z - 1920 = -205*z. Calculate the greatest common divisor of z and 96.
32
Let v be 2 - (-95)/(-10)*-70. Calculate the highest common divisor of 29 and v.
29
Suppose 0 = 16*t + 110 - 206. What is the highest common factor of 12 and t?
6
Let x(d) = d**3 - 4*d**2 - 10*d + 8. Let r = -8 - -4. Let w(a) = -a**2 - 7*a - 6. Let t be w(r). Let h be x(t). Calculate the highest common factor of 5 and h.
5
Let b be (-51)/(-6) - (-3)/(-6). Suppose -2*h + 3*u = 5*u - 12, -2*u - 2 = -5*h. Calculate the greatest common divisor of b and h.
2
Suppose -19*c + 83 = 7. What is the highest common divisor of 28 and c?
4
Let i be (1 - 23)*((-2387)/14)/11. Suppose -71 - 22 = -3*p. Calculate the greatest common factor of i and p.
31
Let g(l) = l**2 - l. Let c be g(-3). Let a(u) = u**2 - 3*u - 4. Let q be a(7). Suppose -9*x - q = -12*x. Calculate the highest common divisor of x and c.
4
Let m = -53 - -37. Let w(g) = 4*g - 33. Let f be w(8). Let x = f - m. Calculate the greatest common factor of 5 and x.
5
Suppose -5*g + 8511 - 890 = 4*a, -a + 5*g = -1874. What is the greatest common divisor of 9 and a?
9
Let a(t) = t**2 - t + 1. Let h be a(6). Suppose 32*s - 140 = h*s. What is the highest common divisor of 20 and s?
20
Let n = 535 - 512. What is the greatest common divisor of n and 92?
23
Let o be 860/70 - 2/7. Let v = 26 - o. What is the greatest common divisor of 7 and v?
7
Suppose 187 + 93 = 5*n. Let q = 3408 - 3401. What is the greatest common factor of n and q?
7
Let p = 355 - 343. Calculate the highest common factor of p and 40.
4
Let g(y) = -2*y - 22. Let u be g(-13). Let r = 7 + -5. Suppose 0 = 2*l - r*z, 3*l = 4*l + 3*z - u. Calculate the greatest common divisor of l and 8.
1
Let d(j) = -j**2 - 8*j + 35. Let i be d(-11). Let b be (-2)/(4/i)*-41. What is the highest common factor of 164 and b?
41
Let b(t) = -t**3 - 10*t**2 - 2*t + 34. Let f be b(-10). Calculate the greatest common divisor of f and 27.
27
Suppose -2*z + z = -40. Let a = -303 - -289. Let n = z + a. Calculate the greatest common divisor of 13 and n.
13
Let x be 38/(-4)*518/(-7). Calculate the greatest common divisor of 37 and x.
37
Let p = 4 + 0. Suppose 84 = -0*q + p*q. Let b = -41 + 272. What is the highest common factor of b and q?
21
Let i(y) be the third derivative of y**6/120 - y**5/20 + y**4/8 + 2*y**3/3 + 11*y**2. Let n be i(4). Calculate the highest common divisor of n and 48.
16
Let b be (-406)/(-8) - (-6 - 161/(-28)). What is the greatest common factor of b and 969?
51
Let v(t) be the second derivative of t**5/20 + 3*t**4/4 - 11*t**3/6 + 10*t**2 + 44*t. Let c be v(-10). What is the highest common factor of c and 6?
6
Suppose -n + 2548 = 2*v, -3*n + 7264 = 4*v + 2168. What is the highest common factor of v and 26?
26
Let v be (14 - -14)*(-4)/(-28). What is the greatest common factor of 25 and v?
1
Suppose -68*i + 67*i - 23 = 0. Let n = -21 - i. What is the highest common factor of n and 6?
2
Let c(h) = -h**2 - 61*h - 46. Let i be c(-60). Calculate the highest common divisor of i and 2.
2
Let d(y) = y**2 - 4*y + 5. Let f be d(4). Suppose 12 = 4*x - 3*g - 113, -65 = -2*x + g. Calculate the highest common factor of x and f.
5
Let s be ((-68)/(-16) - 1/4) + 4. Calculate the greatest common factor of s and 8.
8
Let g = 60 - 41. Suppose v - 30 = 4*t - 0*t, v = -t + 20. Let f = 79 - v. What is the highest common divisor of f and g?
19
Suppose s = -3*v + 15, -3*v = -s - v + 10. Let c be ((-40)/s)/((-2)/15). Calculate the greatest common divisor of 25 and c.
25
Let h(s) = -s**3 - s**2 - s + 28. Let v be h(0). What is the highest common factor of v and 280?
28
Let i be (-4)/(-6) + (-10)/15. Suppose 4*c - 45 - 7 = i. Let k(r) = -18*r + 4. Let a be k(-7). Calculate the greatest common factor of c and a.
13
Let u(c) = 52*c + 304. Let w be u(-4). Calculate the highest common divisor of 30 and w.
6
Let y(o) = -12*o**2 + 229*o - 32. Let t be y(16). What is the greatest common divisor of t and 70?
70
Let a be ((-65)/3)/((-1)/(-3)). Let y = 77 + a. What is the highest common factor of y and 8?
4
Let q = 655 - 210. What is the highest common factor of 356 and q?
89
Let s(f) = f**2 - 15*f + 99. Let p be s(8). Suppose 4*t = 302 + 42. Calculate the highest common factor of t and p.
43
Suppose 1636 = 30*k - 464. Calculate the greatest common factor of k and 308.
14
Let s = 4 + 12. Let z(v) = v + 4. Let b be z(0). Suppose -b*f + 140 = -20. Calculate the greatest common factor of f and s.
8
Let i(p) = -p**3 - 8*p**2 + 7*p - 10. Let h be i(-9). Let z = h + -9. Let t be z*(3 + -3 + -15). Calculate the highest common divisor of 165 and t.
15
Let a(p) = 2*p**3 - 14*p**2 + 17*p - 21. Let d be a(7). Calculate the highest common factor of d and 21.
7
Let c = -397 - -467. What is the greatest common factor of c and 105?
35
Suppose 5*q = -4*t + 124, 13*t = 8*t - 5*q + 150. What is the highest common factor of 26 and t?
26
Suppose -4*s + 33 = -3. Calculate the highest common divisor of 3 and s.
3
Let o = 1669 - 558. Calculate the highest common factor of 11 and o.
11
Let s = 126 - 70. Suppose -d + 3*h = -s + 10, 1 = h. What is the greatest common factor of 7 and d?
7
Let k(w) = 6*w + 68. Let t be k(4). Calculate the greatest common factor of 414 and t.
46
Suppose -4*x - 2*f + 456 + 98 = 0, 5*f - 161 = -x. Calculate the highest common divisor of 85 and x.
17
Let p(x) = 2*x**2 - x - 3. Let f be 12/(-8) + (-18)/(-4). Let v be p(f). Calculate the highest com